)/(-12). Let u = n - 65. Let x = u - -1. What is the units digit of x?
5
Let q(s) = s**2 - 6*s - 12. Let y be q(8). Suppose -y*p + 3*p + 5*b + 177 = 0, 3*p + 2*b - 514 = 0. What is the tens digit of p?
7
Suppose -94*r - 20171 = 603. Let j = -528 + 884. Let g = r + j. What is the tens digit of g?
3
Suppose 38526 = 3*y + 3*w, 5*y - 5*w + 23517 = 87747. What is the units digit of y?
4
Let t(l) = -2*l**2 - 39*l + 10. Let u be t(-19). Suppose -6*r + u + 1 = 0. Suppose 0 = q + 5*c - 12, 2*c = -0*q + r*q - 141. What is the units digit of q?
7
Suppose h = 5*b - 14, 0 = 2*b - 5*b + 5*h + 26. Suppose -4*s = 3*d - 810, -b*d + 4*d - 554 = 2*s. What is the tens digit of d?
7
Suppose -2*v + 3*q = -43044, -7074 = -v + 2*q + 14444. What is the thousands digit of v?
1
Suppose -x = -12*b - 22527, 0 = x - 23*b + 25*b - 22555. What is the units digit of x?
1
Suppose -j = 5*y - 2958, -4*j = y - 4*y - 11786. Suppose -8*f + 2052 = -j. What is the hundreds digit of f?
6
Let s(l) = 21*l + 73. Let y be s(2). Let k = 118 - y. What is the units digit of k?
3
Suppose 148*r = 678652 + 2960372. What is the units digit of r?
8
Suppose z - 3*s - 48418 = 0, -3*z = 3*s - 167744 + 22430. What is the tens digit of z?
3
Let r(z) = -6*z**3 + 22*z**2 + 178*z - 101. What is the tens digit of r(-18)?
1
What is the hundreds digit of 162*4/4*(-871)/(-26)?
4
Suppose 0*z = 7*z - 931. What is the hundreds digit of -5*15/(-25)*z?
3
Suppose 0 = -5*c - 503 - 1362. Let b = 757 + c. What is the tens digit of b?
8
Suppose 3*c - 17 + 5 = 0. Let j = 12 - c. Suppose -2*r - f = -j - 17, 4*r + 3*f = 53. What is the tens digit of r?
1
Suppose -4*w - 2 = 18. What is the units digit of -50*(486/(-30) + w)?
0
Let v(l) = 2*l - 16. Suppose 0 = -4*c - 1 + 9. Suppose u - c*u + 16 = 0. What is the tens digit of v(u)?
1
Let w = -10792 + 17029. What is the units digit of w?
7
Let q be 72/10 - (-276)/345. What is the hundreds digit of (-1)/(0 - q/8632)?
0
Suppose d - i - 11 = 0, -4*i + 47 + 8 = 5*d. Suppose -5 + 5 = d*s. Suppose 134*w - 130*w - 140 = s. What is the tens digit of w?
3
Let s be (-8 - 175/(-21))*0. Suppose s = 4*l + 5*u - 653, 0 = -2*l - 17*u + 19*u + 304. What is the units digit of l?
7
Suppose 202*z + 158640 = 218*z. What is the tens digit of z?
1
Let a = -55950 - -130995. What is the units digit of a?
5
Let s be ((-10 - -1) + 2)*-1. Suppose 12 - 5 = s*p. What is the tens digit of (1 + p)/((-16)/(-304))?
3
Suppose 0 = 128*f - 36*f - 547952. What is the units digit of f?
6
Suppose f - 3 - 2 = 0, 0 = 3*h - 5*f - 6137. Let n = -1444 + h. What is the hundreds digit of n?
6
Let m = -105 - -108. Suppose -697 = m*b - h, -2*b - 663 = 2*h - 193. Let q = -67 - b. What is the tens digit of q?
6
Let d be (13 - -3)/(-8) - -5. Suppose -5*y + 84 = d*s, -y = -3*s - 4*y + 78. What is the tens digit of s?
2
Let t = 100 - -11. Let v = t + 148. What is the tens digit of v?
5
Suppose 34*l + 5*l - 156 = 0. What is the hundreds digit of l - (6 + -5)*-193?
1
Suppose -36 = 6*j - 15*j. Suppose 5*i = j*i. Suppose 2*g - 56 = -f - g, i = 2*f - g - 133. What is the tens digit of f?
6
Suppose -216*x + 19173 = j - 211*x, -2*x - 76846 = -4*j. What is the hundreds digit of j?
2
Let p be 37/7 - 8/28. Let u(i) = 13*i + 361. Let s be u(0). Suppose j + l = 82, -4*j + p*l - 33 + s = 0. What is the tens digit of j?
8
Let f = -3416 + 29659. What is the ten thousands digit of f?
2
Suppose 2*g - 14 = -y + g, 5*y - 5*g - 110 = 0. Let a = 293 + y. What is the units digit of a?
1
What is the tens digit of (-480)/384*(-123)/15*128?
1
Suppose 4*p + 4*z = 81624, 4*z + 102039 = -3*p + 8*p. What is the units digit of p?
7
Let n = 107 + -99. Let s be 18/n*64/12. Suppose 0 = 2*d - s*d + 2240. What is the hundreds digit of d?
2
Let r(m) = 3*m - 63. Let n be r(20). What is the hundreds digit of n/6 - 993/(-6)?
1
Suppose 5*a = -5, 0*d - d + 18 = -a. Let p(i) = -23*i - 31*i - 29*i - 29 + 89*i. What is the units digit of p(d)?
3
Let x(k) = -39*k**3 - 13*k**2 - 4*k - 4. Suppose d - 25 = 3*f - 11, -2*f - 4*d + 14 = 0. What is the tens digit of x(f)?
4
Suppose 4023 = -15*p + 84468. What is the thousands digit of p?
5
Let l(m) = 3012*m - 6040. What is the tens digit of l(7)?
4
What is the tens digit of (-23)/(368/(-808072)) - ((-27)/(-6))/(-3)?
0
What is the units digit of (1 - -19)*4*25 + 1?
1
Let f(r) = -43*r - 44 + 14*r + 2*r**2 + 13*r + 10*r. What is the hundreds digit of f(14)?
2
Let i be 183/244 - 2/((-16)/(-30)). What is the hundreds digit of -7*i/7 + 294?
2
Let m(o) = o**2 - 2*o - 3. Let w = -74 + 127. Suppose w = -6*p - 37. What is the hundreds digit of m(p)?
2
Suppose 6*i + i = -9*i + 321296. What is the tens digit of i?
8
Let d(z) = -z**2 + 7*z - 11. Let t(v) = -v**3 + 8*v**2 - 5*v - 3. Let l be t(7). Let m be d(l). What is the tens digit of 6/10 + (-3487)/m?
6
Let k(d) = -2*d - 1. Let r(m) = -655*m + 13. Let o(f) = 3*k(f) + r(f). What is the hundreds digit of o(-1)?
6
What is the hundreds digit of 2/6 - (-36641416)/1266?
9
Suppose -9 = 2*q - 3*q. Let a be 0 + 0 - (q + -9). Suppose 4*g - 150 = -u - 12, a = 2*u + 4. What is the tens digit of g?
3
Suppose p - 4800 = 123. What is the units digit of p?
3
Let x be (78/(-22))/3 - (-4)/22. Let n be -1 + (9/3 - x). Suppose 0 = n*g + 2*t - 556, -2*g = 2*g - 5*t - 772. What is the units digit of g?
8
Let p = -128 - -90. Let v = p - -35. Let b(d) = -12*d + 13. What is the units digit of b(v)?
9
What is the thousands digit of ((-39)/(-26))/(3 - (-102)/(-32)) - -1462?
1
Let r = 10742 + -5379. What is the hundreds digit of r?
3
Let u = 26890 + -15790. What is the tens digit of u?
0
Suppose -5*b = f - 611, 2444 = f + 3*f - 3*b. What is the tens digit of f?
1
Let k(q) = -14*q**2 + q - 4. Let f be k(-2). Let r = f + -29. Let p = r + 146. What is the units digit of p?
5
Let r = 45 - 107. What is the units digit of (-4)/r + (-640744)/(-403)?
0
Let c(n) = 72*n**2 + 9*n - 7. Let j be c(-7). Suppose 0 = -25*p + j + 4217. What is the tens digit of p?
0
Let m(w) = 36*w**2 - 15*w + 22. Suppose -69 = -10*y - 9. What is the units digit of m(y)?
8
Suppose -43 = -2*s + 11. Suppose 0 = 32*m - s*m - 1585. What is the tens digit of m?
1
Let z be 0 - (-2 + (-524)/2). Let t be ((-8)/17)/4 - 104/(-17). Suppose -2*k + t*k - z = 0. What is the units digit of k?
6
Suppose 0 = 9*q - 25852 - 38921. What is the thousands digit of q?
7
Suppose -6*n - 111 + 867 = 0. What is the units digit of (n + -1)*102/85?
0
Let x = -18 + 0. Let b be 403/9 + (-44)/(-36) + -1. Let w = b + x. What is the units digit of w?
7
Suppose -2*c = -z + 3*z + 106, -5*z - 5 = 0. Let w be (39/6)/(2/4). What is the tens digit of (c/w)/((-2*1)/12)?
2
Let n(a) = -117 - 425*a + 60 + 63. What is the hundreds digit of n(-1)?
4
Let s = 249 + -246. Suppose 4*i + 5*g = i + 1430, -3*i + 1422 = s*g. What is the tens digit of i?
7
Let m(z) = -z**3 - 19*z**2 + 21*z + 23. Let i be m(-20). Suppose 5*v = 2*v - i, -j - 4*v + 545 = 0. What is the units digit of j?
9
Let t = 2491 - 1569. What is the tens digit of t?
2
Let m = 21306 - 8139. What is the units digit of m?
7
Let t(v) = 4*v**2 + 199*v - 40. What is the thousands digit of t(45)?
7
Suppose u - 5*h = -3*u - 152, 2*u - h + 70 = 0. Let g = u + 34. What is the units digit of 52/(-13) - g*-53?
9
Suppose 7 - 522 = -4*n - 5*d, d = -n + 128. Let i be 650/n + (-1)/5. What is the units digit of (-5)/2*((-31)/i + -5)?
8
Let d be 5/(-20) + (16460/(-16) - -2). Let u = d + 1461. What is the hundreds digit of u?
4
Suppose 7*l = 3*i + 11*l + 179323, 5*i - l + 298864 = 0. What is the tens digit of (-3)/(-15) - i/35?
0
Suppose 9*k - 8*k + 2 = 0, -5*f - 5*k = -10. Suppose 0 = -2*p - m + 1108, 5*m - 1662 = p - f*p. What is the hundreds digit of p?
5
Let t(i) = 6 - 9*i**3 - 17*i + 4 + 3 - 6 - 49*i**2 + 10*i**3. What is the units digit of t(50)?
7
Let a(o) = 3*o - 101. Let x be a(27). What is the tens digit of (2004/8)/(-2 + x/(-8))?
0
Let k = -627 - -128. Let z = 726 + k. What is the tens digit of z?
2
Let d(p) = p**3 - 62*p**2 - 175*p + 886. What is the tens digit of d(67)?
0
Suppose 0 = -2*d - 0*d + 418. Let t be ((7 - 53) + -5)/(-1). Suppose -5*b + d = -t. What is the units digit of b?
2
Let f = 89 - 80. Suppose 0*i = 2*y + 2*i - 22, i + f = y. What is the hundreds digit of (y/(-2))/15 + 595/3?
1
Let h = 47979 + -7548. What is the ten th